hat is the hundred thousands digit of 36073622?
0
What is the units digit of 39047945?
5
What is the hundreds digit of 147610692?
6
What is the billions digit of 5686968872?
5
What is the millions digit of 3197587282?
7
What is the units digit of 181743377?
7
What is the hundred thousands digit of 184335900?
3
What is the hundred thousands digit of 105415594?
4
What is the thousands digit of 44443938?
3
What is the millions digit of 431189901?
1
What is the hundreds digit of 92424502?
5
What is the hundreds digit of 124596616?
6
What is the ten thousands digit of 1592616476?
1
What is the hundreds digit of 109410224?
2
What is the thousands digit of 816503287?
3
What is the tens digit of 357844059?
5
What is the hundred millions digit of 478839007?
4
What is the thousands digit of 37710253?
0
What is the hundred thousands digit of 46219867?
2
What is the tens digit of 387695430?
3
What is the thousands digit of 377536430?
6
What is the ten thousands digit of 44827389?
2
What is the tens digit of 43049662?
6
What is the ten thousands digit of 1478657?
7
What is the millions digit of 227556636?
7
What is the hundred thousands digit of 863184956?
1
What is the hundred thousands digit of 9899628?
8
What is the ten millions digit of 535798220?
3
What is the units digit of 22328199?
9
What is the units digit of 236823947?
7
What is the ten thousands digit of 189368970?
6
What is the thousands digit of 2079337?
9
What is the units digit of 93996653?
3
What is the units digit of 30477130?
0
What is the millions digit of 166187780?
6
What is the ten millions digit of 143130372?
4
What is the hundred thousands digit of 76399602?
3
What is the tens digit of 4584022126?
2
What is the millions digit of 1661062232?
1
What is the units digit of 259703380?
0
What is the tens digit of 50256419?
1
What is the hundred millions digit of 3664885124?
6
What is the hundred thousands digit of 1759810349?
8
What is the thousands digit of 387913392?
3
What is the units digit of 19412174?
4
What is the hundreds digit of 73101277?
2
What is the tens digit of 1017180544?
4
What is the ten thousands digit of 201446324?
4
What is the millions digit of 1687059377?
7
What is the ten thousands digit of 20592388?
9
What is the thousands digit of 1039084752?
4
What is the hundreds digit of 19352265?
2
What is the hundred thousands digit of 255573230?
5
What is the ten thousands digit of 1134626180?
2
What is the hundred millions digit of 1240673028?
2
What is the hundred thousands digit of 36364944?
3
What is the hundreds digit of 459520254?
2
What is the hundred thousands digit of 521013374?
0
What is the units digit of 987887118?
8
What is the ten thousands digit of 647848927?
4
What is the tens digit of 1234419082?
8
What is the ten thousands digit of 41957080?
5
What is the ten millions digit of 99169604?
9
What is the thousands digit of 216004757?
4
What is the millions digit of 826017632?
6
What is the ten thousands digit of 1921756218?
5
What is the ten thousands digit of 179185050?
8
What is the millions digit of 434780240?
4
What is the tens digit of 11075661?
6
What is the millions digit of 64923866?
4
What is the millions digit of 91142724?
1
What is the millions digit of 17079019?
7
What is the hundred millions digit of 887332047?
8
What is the hundreds digit of 1912539236?
2
What is the units digit of 42689350?
0
What is the ten millions digit of 1329164029?
2
What is the hundred millions digit of 211136603?
2
What is the hundreds digit of 6457428?
4
What is the hundreds digit of 221873887?
8
What is the billions digit of 2294094366?
2
What is the tens digit of 766771753?
5
What is the ten thousands digit of 686987140?
8
What is the thousands digit of 19383406?
3
What is the ten millions digit of 472024578?
7
What is the thousands digit of 205645302?
5
What is the ten millions digit of 97428291?
9
What is the units digit of 600067565?
5
What is the ten thousands digit of 637479188?
7
What is the thousands digit of 534687174?
7
What is the thousands digit of 6565451?
5
What is the millions digit of 64091937?
4
What is the hundreds digit of 1489796797?
7
What is the units digit of 77974282?
2
What is the units digit of 171322263?
3
What is the ten thousands digit of 31527854?
2
What is the ten thousands digit of 3653602421?
0
What is the tens digit of 138459086?
8
What is the hundred thousands digit of 47913252?
9
What is the hundred thousands digit of 81388237?
3
What is the hundred thousands digit of 2230780031?
7
What is the hundreds digit of 64325336?
3
What is the millions digit of 356164765?
6
What is the hundred millions digit of 3185841741?
1
What is the tens digit of 253285173?
7
What is the units digit of 9561224?
4
What is the hundred thousands digit of 1179554954?
5
What is the hundred thousands digit of 722031554?
0
What is the millions digit of 80368730?
0
What is the thousands digit of 335364690?
4
What is the hundred thousands digit of 297259146?
2
What is the millions digit of 493672223?
3
What is the millions digit of 5995974759?
5
What is the thousands digit of 25774038?
4
What is the ten thousands digit of 2616645225?
4
What is the thousands digit of 2704252016?
2
What is the tens digit of 1436905851?
5
What is the tens digit of 1145872282?
8
What is the hundred millions digit of 441646743?
4
What is the tens digit of 2906389460?
6
What is the millions digit of 46130524?
6
What is the ten millions digit of 191101054?
9
What is the ten thousands digit of 36342143?
4
What is the ten thousands digit of 752699964?
9
What is the hundred millions digit of 722487916?
7
What is the units digit of 7982417489?
9
What is the ten thousands digit of 2569801628?
0
What is the millions digit of 347126837?
7
What is the hundreds digit of 178945662?
6
What is the ten millions digit of 49516044?
4
What is the hundred millions digit of 2271822236?
2
What is the hundred thousands digit of 50148645?
1
What is the units digit of 18182003?
3
What is the billions digit of 8884145778?
8
What is the hundreds digit of 2008572731?
7
What is the ten millions digit of 19657087?
1
What is the ten thousands digit of 45113360?
1
What is the millions digit of 5510583353?
0
What is the hundred thousands digit of 38156020?
1
What is the ten millions digit of 53527347?
5
What is the ten thousands digit of 33867427?
6
What is the hundred thousands digit of 210648557?
6
What is the hundred millions digit of 180719122?
1
What is the thousands digit of 30406585?
6
What is the hundreds digit of 1612031054?
0
What is the hundreds digit of 653025431?
4
What is the units digit of 2639675642?
2
What is the hundred millions digit of 133197914?
1
What is the hundred millions digit of 474974740?
4
What is the hundred thousands digit of 158297899?
2
What is the ten thousands digit of 2002253356?
5
What is the units digit of 49689634?
4
What is the units digit of 415960601?
1
What is the thousands digit of 29981126?
1
What is the ten millions digit of 11569042?
1
What is the units digit of 747906?
6
What is the hundreds digit of 960565607?
6
What is the hundred thousands digit of 2120949548?
9
What is the tens digit of 800566531?
3
What is the units digit of 155991142?
2
What is the ten thousands digit of 97682164?
8
What is the millions digit of 44673172?
4
What is the hundreds digit of 11541725?
7
What is the ten thousands digit of 1048106432?
0
What is the hundreds digit of 4138985379?
3
What is the units digit of 14836383?
3
What is the hundreds digit of 1702169340?
3
What is the millions digit of 5836296503?
6
What is the units digit of 236281382?
2
What is the tens digit of 1076212484?
8
What is the hundred thousands digit of 658455522?
4
What is the millions digit of 686539017?
6
What is the hundreds digit of 19568243?
2
What is the tens digit of 22141672?
7
What is the ten thousands digit of 532845231?
4
What is the hundred thousands digit of 166092789?
0
What is the hundred millions digit of 618024893?
6
What is the millions digit of 149914647?
9
What is the hundreds digit of 307442239?
2
What is the units digit of 1033461631?
1
What is the hundred thousands digit of 72597721?
5
What is the hundreds digit of 38016452?
4
What is the ten millions digit of 35466931?
3
What is the thousan